 5186. Let s = -11 + -26. Let u = -15 - s. What is the highest common factor of u and f?
11
Suppose -87 = -3*q - 2*h, -5*h - 95 = -5*q + 25. Suppose -4*k = -3*p + 887, 4*p - 654 - 529 = 5*k. Calculate the greatest common divisor of q and p.
27
Let u(v) = v**2 - 3*v - 2. Let k be u(4). Suppose 22*h - 4 = 18*h. Suppose 2*p = h + 3. Calculate the greatest common factor of k and p.
2
Suppose 138 = i - 3*a, 4*a - 423 + 117 = -2*i. Calculate the highest common divisor of 189 and i.
21
Suppose 490 = b - 2*v, 2*v = -2*b + b + 498. Calculate the highest common factor of b and 152.
38
Suppose -300 = r - 4*r. Let y(f) = f**2 + 4*f - 5. Let v be ((-10)/4)/(7/(-14)). Let w be y(v). What is the highest common divisor of r and w?
20
Let s = -742 - -750. Calculate the greatest common divisor of s and 4.
4
Let v = 20 - -12. Let i = v + -15. Suppose -2*g = -k + 15, -4*k - 3*g + 42 = -29. Calculate the highest common divisor of i and k.
17
Let s(n) = -n + 1. Let l be s(-1). Suppose -37 = -3*j - 4*b, -j - j + 26 = l*b. Suppose 0*q - 420 = -4*q. What is the highest common factor of j and q?
15
Let r(w) = -2 + w - 3*w + 0*w + 5. Let n be r(-4). Suppose -n*o + 12*o = 36. Calculate the highest common factor of 9 and o.
9
Suppose 4*r - 117 = -4*o + o, 3*r + 166 = 5*o. Calculate the highest common divisor of o and 20.
5
Suppose 3*p - a - 111 = 591, -1170 = -5*p - 4*a. What is the highest common factor of 26 and p?
26
Suppose 2*w + 810 = k, 31*w = 2*k + 33*w - 1638. Calculate the greatest common factor of 16 and k.
16
Suppose 4*b - 4*s - 21 = -5, 5*b - s - 20 = 0. Suppose -b*a - 276 = -10*a. What is the highest common factor of 23 and a?
23
Suppose -2*i + 1514 = 4*s, 4*s - 6*i + i - 1535 = 0. Calculate the highest common divisor of 80 and s.
20
Suppose 4*w - 42 = 22. Let u(g) = -g**2 + 22*g + 16. Let f be (-4 + 11 - 4) + 13. Let t be u(f). Calculate the highest common factor of w and t.
16
Suppose -9*i - 5*x - 42 = -10*i, -4*i = 5*x - 118. What is the highest common divisor of 688 and i?
16
Suppose n - 74*c = -78*c + 40, 0 = 4*n - 4*c. Let z(l) = -l**3 - 5*l**2 - 10*l - 8. Let o be z(-6). What is the greatest common divisor of o and n?
8
Let v = 46 - 24. Let g be -6 + -9 + 32 - 15/(-3). What is the highest common factor of g and v?
22
Let w = -43 + 111. Suppose 0*l + l - 5*j = w, 0 = -2*l + 2*j + 104. Let f = -5415 + 5447. Calculate the greatest common factor of l and f.
16
Suppose -98 = -14*x + 7*x. Suppose 0 = 2*b + b + l - 13, 4*b - x = 2*l. What is the greatest common factor of 8 and b?
4
Let k = 9 - 9. Suppose -4*t - t = k. Let s be 6/2 - (t - 12). Calculate the greatest common divisor of s and 15.
15
Suppose i - 18 = -14. Let s = 6 + i. What is the highest common divisor of 30 and s?
10
Let i = 92 + -91. What is the greatest common factor of i and 23?
1
Let w be (-4 - -2 - 104) + 1. Let o = -75 - w. Suppose 2*n + 20 = 3*n. Calculate the greatest common factor of n and o.
10
Let z be 5/3 + (-1)/(-3). Let l(d) = -2 - 65*d + 6*d**2 + 63*d + 0*d**2. Let u be l(z). Calculate the greatest common divisor of u and 2.
2
Let h(u) = -243*u - 94. Let m be h(-2). Calculate the greatest common divisor of m and 24.
8
Let i(c) = 4*c**2 - 3*c + 7. Let q be i(5). Suppose -2*s = -6*s + q. Let f = -13 + s. Calculate the highest common divisor of 110 and f.
10
Let d(o) = 2*o**3 - 14*o - 9 - 68*o**2 + 71*o**2 - o**3 + 1. Let q be d(-5). What is the greatest common divisor of 42 and q?
6
Let l = 1986 + -1954. What is the greatest common factor of 136 and l?
8
Let y be 244/10 + 2/(-5). Suppose 7104 - 468 = 79*f. Calculate the greatest common factor of y and f.
12
Suppose 206 = 2*c - 3810. Let r be c/(-2)*(-5)/10. Suppose 4*y - 2*j - r = 0, -3*j + 88 = -4*y + 589. What is the greatest common factor of y and 18?
18
Let j = 55 - 44. Suppose 0 = -l - 3 + 4, -3*f + 5*l + 34 = 0. Let s = f - j. Calculate the greatest common divisor of 5 and s.
1
Let l = 536 - 401. What is the greatest common factor of 63 and l?
9
Let v(p) = p**2 + 4*p - 4. Let l be v(-5). Suppose -h - 2 = 2*g, -2*h + 16 = -3*g - l. Let x = h + 1. What is the highest common factor of x and 20?
5
Let b(t) = -t**2 + 28*t + 67. Let w be b(19). What is the greatest common divisor of w and 28?
14
Suppose 3*g - 43 = -5*v, -3*g + 0*g = -4*v + 29. Let s = -14 - 1. Let q be 826/35 - 6/s. Calculate the greatest common divisor of v and q.
8
Suppose 26*z - 39*z + 91 = 0. What is the greatest common divisor of z and 623?
7
Let n be 539/3 + (-2)/(-6). Let k = 344 - 324. What is the highest common divisor of n and k?
20
Suppose 10 = -5*g, 5*g + 146 = 2*c + 46. Let o = 8103 + -7968. What is the greatest common factor of o and c?
45
Let a(n) = -n**3 - 12*n**2 + n + 15. Let c be a(-12). Let p be (5/(-10))/((-2)/212) + c. What is the highest common factor of p and 16?
8
Let h = 46 + -30. Suppose -3*k + 2*k = -2*z + 164, h = 4*k. Calculate the greatest common factor of 12 and z.
12
Let t(y) = y**2. Let p(n) = 2*n**2 - n - 2. Let m(b) = p(b) + t(b). Let r be m(-3). What is the greatest common divisor of 4 and r?
4
Suppose -625 = -3*s + 4*n, -4*s + 146*n = 147*n - 865. What is the greatest common divisor of 5 and s?
5
Suppose -5*r + 5*f + 11 - 1 = 0, 0 = 2*f - 2. Let b(z) = -3*z - 3. Let s be b(r). Let m be 3*(-2 + 3) - s. Calculate the highest common factor of m and 30.
15
Suppose -3 - 13 = 4*s, 0 = 5*v - 2*s + 7. Let t be 100/20*(0 - v). What is the highest common divisor of 120 and t?
15
Let o = 180 + -90. Calculate the greatest common factor of 10 and o.
10
Let k be 7 - (-4 + (0 - 5)). What is the greatest common divisor of 176 and k?
16
Suppose -n = 0, 7*b - 2*b + n = 420. Calculate the highest common factor of 60 and b.
12
Let b be (0 - -2)/((-10)/(-110)) - 0. Suppose m = 21 + 1. What is the highest common factor of b and m?
22
Let f = -3226 + 3314. What is the greatest common divisor of f and 385?
11
Let o(m) = -2*m + 58. Let h be o(16). Let a be 1*1/2 - h/(-4). What is the greatest common divisor of 28 and a?
7
Let j be (-5476)/(-24) + (-8)/48. What is the highest common factor of j and 12?
12
Let f be 195/156 + (-310)/(-8). Calculate the greatest common divisor of f and 170.
10
Suppose 0 = 9*t - 3146 + 671. Let r = 1 + 1. Let w be t/((r - -1) + -2). What is the greatest common factor of w and 25?
25
Suppose s = -2*s - u + 135, 4*u = 5*s - 208. Suppose 3*o = 5*o - 3*z - 103, o - 4*z - s = 0. What is the greatest common divisor of o and 28?
28
Let r be (27/9)/12*636. What is the greatest common factor of 3 and r?
3
Suppose -3*i = 4*r - 17, 23*r - 2*i = 20*r. Suppose 0 = f + 3*f - m - 9, -5*m - 27 = -2*f. What is the highest common factor of r and f?
1
Let k = 3 + 1. Let n(g) = 14*g - 7. Let q be n(5). Let t be -1 + k/(-2) + q. Calculate the highest common divisor of 12 and t.
12
Let a be (-1)/(-3)*(-2 + 1 - -7). Suppose -2*z - z + 70 = j, -z = -a*j - 28. What is the highest common divisor of 3 and z?
3
Suppose -3*y = -2 - 19. Let m = -9 + 83. Suppose -43 = -3*t - 4*a - y, -2*a = 5*t - m. What is the greatest common divisor of t and 24?
8
Let q = 7 + -2. Let g be (-3)/(-7) - (-4 + 40/28). Suppose -4*h - 3*a - q = -35, 0 = -g*a + 6. What is the greatest common divisor of 6 and h?
6
Let k(n) = n**2 - 94*n + 1125. Let v be k(80). What is the greatest common divisor of 960 and v?
5
Suppose -171 = 2*z - 3*z. Suppose 8*k = 5*k + z. Calculate the greatest common factor of 19 and k.
19
Let g be 0 + 2 - (-6)/((-66)/(-3289)). Calculate the highest common factor of g and 14.
7
Suppose -2*k = 5*x - 1060, -5*k + 2099 = -5*x - 621. Calculate the highest common divisor of 108 and k.
108
Suppose 2*q - y - 336 = 0, 2*y = -0*q + 5*q - 842. Calculate the highest common factor of q and 10.
10
Let v = -213 - -235. What is the highest common factor of v and 88?
22
Let k be (-3)/(-6)*12 - (-9)/(-3). Suppose -5*x = k*x - 480. Calculate the highest common factor of 24 and x.
12
Suppose -3*v + 3 + 9 = 0. Suppose v = q + 1. Suppose -q*a + 64 = -a. Calculate the greatest common divisor of a and 4.
4
Let p = 539 + -249. Calculate the highest common factor of p and 40.
10
Suppose -q = 1, -5*s - 742 = 2*q - 0*q. Let f(v) = -212*v**2 - 1. Let b be f(1). Let u = s - b. Calculate the greatest common divisor of 26 and u.
13
Let l = -103 + 116. Suppose 5*q + l = -2*m, m = q